
2
Calculate 81 + -71 + 33 - 27.
16
What is the value of 1523 + -1512 + 1 + -25?
-13
What is -13 + (-22 - -32) - (-2 - (1 - -13))?
13
Calculate 23 - (40 - 14) - -19.
16
What is 12 + (-23 - -19) + (-5 - -2)?
5
Evaluate 7 + -16 - (5 + (-3 + 1 - 20)).
8
Calculate 5 - (-2 - ((-5 - -1) + -59 + 43)).
-13
What is the value of 18 + -10 - ((-2 - (-2 + -1)) + -8)?
15
What is 18 - (0 - -27 - (59 - 68))?
-18
Evaluate -37 + 7 + 30 + 17.
17
Evaluate -51 + (24 - 8) - -18 - (1 + 0).
-18
What is the value of -2 + (-13 - (-21 - -16) - (-1 + -4))?
-5
Evaluate -21 + 20 + (7 - -8).
14
-1 + 12 + (-445 - -447)
13
What is 29 + (-5 - -14 - (13 + -3 - -9))?
19
Evaluate 22 - (37 - 50) - 39.
-4
Evaluate 51 + -1 - ((45 - 25) + -6).
36
What is the value of 10 - (-689 + 712 - (-1 + 13))?
-1
What is -29 + (-97 + 100 - (1 + -8))?
-19
Calculate (29 - 21) + (-4 - 34).
-30
-4 + (4 + 11 - 14)
-3
Calculate -72 - -85 - (2 + -1).
12
Evaluate (-13 + 8 - -28) + -3 - (-5 - -3).
22
Evaluate -8 + (-9 + 1 + 10 - -8).
2
Calculate (1 - 10) + (-5 - -11).
-3
Evaluate -6 - -8 - (-55 + 32).
25
Calculate 1 + (7 - -18) + -40.
-14
What is the value of -5 + 2 + (143 - 165)?
-25
Evaluate 4 + (-2 - (-14 - -27)).
-11
(-2 - -7) + (3 - 5) + (-13 - -6)
-4
What is the value of -14 - ((-9 - (-11 + -2)) + -2)?
-16
What is 10 + (10 - 16 - 7 - -28)?
25
What is 9 + -6 + (3 - 4) - 1?
1
Evaluate 30 + -45 - ((2 - 3) + (3 - 3)).
-14
What is 8 + -10 + 7 + -3 + 3 - 8?
-3
Evaluate (0 - -19) + (16 - 29).
6
-6 + (3 - (-10 + 9 + 0)) - 9
-11
What is the value of (3 - 4) + (-6 - -8)?
1
Calculate -2 + (30 - 30) - (-1 + 7).
-8
25 - (-12 + 34) - 4
-1
(2 - -18) + -27 - (-3 - 18 - 2)
16
What is the value of (86 - 52) + (6 - (10 + 3))?
27
What is the value of (-3 + -3 - -18) + -9 + -5?
-2
Calculate 2 + 6 + (0 - -8) - (0 + 4).
12
What is (-9 - ((9 - 8 - 9) + 6)) + 5?
-2
4 - (0 + (-23 - -6) + 19)
2
What is the value of 3 - (1 - (6 - (5 - 2)) - -16)?
-11
Calculate 6 + -10 + 6 + -10 - -3.
-5
What is 3 + -10 + (-9 - (8 - 38))?
14
What is 10 - -3 - (10 - (9 + -8 + 8))?
12
Evaluate 138 + -112 + (-33 - -1).
-6
What is the value of -4 - (-14 - -2) - (-7 + 1 + 4)?
10
What is the value of -3 - (-2 - (26 + -13))?
12
What is -3 + (-1 + (-2 - (4 + -2)) - -1)?
-7
6 - -1 - (23 - (-33 + 14 + 17))
-18
Evaluate 18 + (-1 + -16 + -1 - (-219 + 210)).
9
What is the value of 10 - (-2 - (11 + -26))?
-3
7 - ((-5 - (-8 - 0)) + 5)
-1
What is 19 - (12 + -3) - (8 + -5)?
7
Evaluate (3 - 2 - (-3 - -9)) + (-15 - -23).
3
Evaluate (19 - (-2 + 0)) + (20 - 51) + 41.
31
Evaluate (-146 - -102 - -37) + (1 - (-1 + 12)).
-17
Evaluate 19 + (37 + -29 - 22).
5
What is the value of 39 - (5 + 15) - (10 + -18)?
27
What is the value of -4 + (6 - -5) + 0?
7
Evaluate 15 - (-12 + 15) - (1 + -4).
15
What is the value of (1 - -16) + -3 + -2?
12
Calculate 10 - (-12 - (12 - 33)) - (2 + -7).
6
7 - (13 + (-14 - -13))
-5
(27 - (23 - -46)) + 6
-36
Calculate (58 - (17 + 9)) + -2.
30
Evaluate -3 - ((8 - 1) + -12 + 23 + 2).
-23
26 + -1 + 3 + (28 - (-27 + 63))
20
What is -1 - 2 - (2 - -9) - 10?
-24
What is -5 - (21 + -15 - 15)?
4
What is (8 - (-10 + 6)) + (0 - 4)?
8
What is (-31 - -29) + (-3 - 2) + -20 + 56?
29
Evaluate 0 + 27 - (-29 + 77 - 54).
33
What is the value of 3 + (0 - 8) + (-7 - -9)?
-3
Evaluate -3 + 4 + (-1 - 2) + 15 + -4.
9
Evaluate 2 - -6 - (-45 - -40).
13
Evaluate -34 + (2 + 28 - (11 + 1)) + -7.
-23
What is the value of 7 + -8 + (24 - 16)?
7
What is 2 + 9 + 1 + 0 + -1?
11
What is 7 - (5 - 1 - 10) - 4 - -10?
19
What is the value of -5 - 0 - (-10 - (19 + -38)) - -9?
-5
Calculate 2 - ((-2 - 1) + -5 + (0 - 1)).
11
0 + 2 - -13 - (568 + -562)
9
What is 1 + -12 - (24 + -29 + -27)?
21
21 + (6 - 13) + 6 + 12
32
(-2 + 1 - (-2 + 1)) + (-15 - 8)
-23
15 - ((28 - 5) + -13)
5
2 - 19 - (119 + -135)
-1
Calculate 6 - (6 + -2) - (10 - -4).
-12
What is 64 + -60 + 33 + -11?
26
Calculate -66 + 63 + 2 + 13.
12
Evaluate 12 + 29 - 12 - (13 - -4).
12
Evaluate 1 + 0 + 2 - (-123 + 134).
-8
(6 + -13 + -3 - -17) + -6 + -1
0
Calculate 14 + (4 - (4 - -15) - -9).
8
3 - (7 + 2) - -3 - -4
1
What is 10 - (5 - 3) - (-12 - 0 - -8)?
12
(-25 - -43) + 3 + -19
2
Evaluate (-1 + -5 - 0 - -3) + 4 + 3.
4
What is the value of (-10 - -28) + (3 + 16 - 3)?
34
Calculate (2 - (-1 - -1)) + 0 + 3.
5
Evaluate -21 + -2 + (-4 - -23).
-4
What is the value of -19 + 58 + -66 - (-4 + -2 - 0)?
-21
What is the value of -4 - (1 - (5 + -10)) - -15?
5
What is (12 - -24) + -3 - 13?
20
Calculate 8 + 7 + (-15 - 1).
-1
Evaluate 25 - (21 + 7) - (12 + 3).
-18
Calculate (5 - 14) + -10 - -31.
12
Evaluate -16 - (-38 + (-15 - 2) + 16).
23
What is 5 - (11 - 7) - (-58 + 70)?
-11
What is -4 - ((-2 - (1 - 1)) + 149 + -152)?
1
Calculate (-31 - -3) + -1 + (80 - 66).
-15
-37 + (40 - 9) + 16
10
Evaluate (3 - 2) + 5 + (-6 - (-7 + 5)).
2
18 + -3 - 21 - 11
-17
Calculate 13 + (-20 - 6) + -3.
-16
What is the value of 16 + -5 + (2 - -3) + -2 + 0?
14
13 + 13 + -7 + -12
7
What is 9 - (5 + (-9 - 2) - -16)?
-1
Calculate 42 + -64 - -30 - (-3 + (-1 - -13)).
-1
9 - (1 + -2) - ((-102 - -85) + 40)
-13
Evaluate (-10 - (8 - -6) - -8) + -3.
-19
-8 + 1 + (70 - 54)
9
What is the value of 1 - -10 - (-25 + 47)?
-11
Evaluate (4 + 1 - (-3 + -1)) + -12.
-3
What is the value of 15 + 17 + 3 - 25?
10
Calculate -10 + (-14 + (12 - -2) - -1).
-9
Evaluate -24 - (-21 + 14) - -32.
15
0 - (3 - 3) - (10 - -13 - 37)
14
7 - (17 + (-9 - 12))
11
Calculate (-36 - (6 + -38)) + 20.
16
Calculate -6 - (-19 + 12 + 10).
-9
(-15 - -2 - -21) + -4
4
What is the value of 10 + -8 - 9 - -2 - -17?
12
What is the value of 1 + 8 + -101 + 100?
8
What is the value of -8 - (38 + -50 - -40)?
-36
Calculate (19 - -7) + -5 - (5 - (-3 - -3)).
16
(21 - (-30 - -41)) + (2 - 4 - -1)
9
What is the value of -39 - (5 + -10 - 6) - -11?
-17
What is -6 - (-3 - 15 - (4 + -11)) - -12?
17
8 + (3 - 7) + -4
0
Evaluate -7 + 33 + -15 + -16.
-5
Evaluate 11 + -18 - (-14 + (3 - -1)).
3
Evaluate (17 + 35 - 17) + -7 + 2.
30
What is 22 + -44 - (-15 + 2 + 5)?
-14
Evaluate (21 - (3 + 4)) + -22.
-8
Calculate 77 - 106 - (0 - 16).
-13
What is 2 - ((-13 - -15) + (-17 - -1) - -8)?
8
What is 21 - 0 - (33 - (12 - -21))?
21
Calculate (11 - 0) + -13 - -14.
12
Evaluate (21 - (2 + 0)) + (40 - 46).
13
Calculate 12 + 2 + 0 - 12.
2
Evaluate (-21 - (-21 - 4)) + (1 - 7).
-2
4 + -9 + -12 + 4 + -1
-14
What is the value of (0 - 0) + (-8 - -3) - -28?
23
Evaluate (1 - 1) + -1 + 5 - (-34 + 39).
-1
Calculate (2 - 2 - 5) + (-26 - 2) + 14.
-19
What is 32 + -9 - 12 - 17 - 11?
-17
Calculate -2 - ((7 - 10 - -11) + 8 + -9).
-9
Calculate 2 + -7 + (2 - (13 - 27)).
11
Calculate (-6 - (-11 - -7) - -8) + (-5 - 1).
0
Calculate 13 - (-8 + 9 + -10).
22
Calculate (-7 + 21 - 17) + 5 - 7.
-5
What is 8 - (10 + 5 + -10) - 8 - -2?
-3
What is the value of 64 + -55 + (3 - (2 + -7))?
17
What is the value of 244 - 259 - (4 - (4 + -14))?
-29
Evaluate (110 - 107) + (1 + 0 - -1).
5
What is the value of 4 - (3 - 3) - 5 - 1?
-2
What is 10 - 5 - (12 + -16) - -4?
13
Evaluate -2 + -10 + 20 + (-38 - (-1 + -9)).
-20
What is the value of (-48 + 25 - -10) + -2?
-15
What is the value of -134 + 145 + -2 + 0?
9
Calculate (2 - -15) + -3 + -9 + -3 + 8.
10
Calculate -18 + (44 - 19) + 27 + 1 - 9.
26
Evaluate 1 + (-5 - 2) + -1 + 12 + -19.
-14
Evaluate 1 + -9 - (-32 - -18).
6
What is -8 - -2 - (10 - ((18 - 5) + 0))?
-3
Calculate 10 + 1 + -7 + -12 - -8.
0
Evaluate -1 + -5 + (11 - -1).
6
Calculate (-9 - 4 - -32) + -33.
-14
What is -1 - (-1 - -2) - (-647 - -635)?
10
What is -124 + 109 + (28 - 0)?
13
(1 - 13) + 5 + 11 + -15 + 4
-7
What is the value of (-12 - (2 + 1)) + (-3 - -2)?
-16
Calculate (1 - ((-7 - (1 - 15)) + -9)) + -6.
-3
-8 - -2 - (-163 + 151)
6
What is (0 - 1) + -13 + (34 - -5)?
25
1 + (-2 - -3) - ((-15 - -12) + 12)
-7
Calculate 1 + 2 + 5 - (-41 - -43 - -16).
-10
(-6 - 11 - -35) + 2
20
What is the value of 6 + -6 + -4 + -12 + 38?
22
Evaluate 0 - (-35 + 15 - -13).
7
What is the value of 1909 - 1904 - (1 + 6 + -1)?
-1
What is 35 - -8 - (119 + -92)?
16
Calculate 28 + -30 - (2 - (0 + 0 + 8)).
4
Calculate 1 - ((-13 - -3) + -1).
12
What is (7 - (66 + -40)) + 21?
2
1 + 7 - ((-8 - -1) + 0) - -6
21
Evaluate -3 + 7 + -2 + 15 + (8 - 26).
-1
1 - (-8 + (-4 + -6 - -13)) - 33
-27
(184 + -201 - (-9 + -1)) + (4 - -1)
-2
What is the value of 5 - 22 - -16 - 3?
-4
0 + 2 - (0 - (8 - -1 - 8))
3
What is the value of -7 + (-